44 = -120*k + 214093 + 449203. What are the prime factors of k?
2, 3, 13, 53
Suppose -5*x + 182 = 182. Let m(s) = -s**3 + 2*s + 365. What are the prime factors of m(x)?
5, 73
Suppose 2*s - 3 - 5 = 0. Let r = 40 + -36. What are the prime factors of r/(s/99) + -4?
5, 19
Suppose 0 = 4*f + 8*i - 48556, 2*f - 4835 = -3*i + 19438. List the prime factors of f.
3, 13, 311
Let k(f) = f**3 - f**2 + 2*f - 2. Let a be k(1). Let x = a + 5. What are the prime factors of 49 - (-4 + x + 2)?
2, 23
Suppose -5*q + t = -57, 2*q + 0*q - 2*t = 18. Suppose q = 9*z - 6*z. Let x(c) = c**3 - c**2 - 5*c + 8. What are the prime factors of x(z)?
2, 3
Let a(v) = -v**3 - 14*v**2 + 30*v - 27. Let g be a(-16). Suppose -59 = p - 3*x - 554, 2*p + g*x - 1034 = 0. List the prime factors of p.
3, 13
What are the prime factors of ((-227)/(-6))/(97/58782)?
101, 227
Let v = 50088 + -29924. Suppose 30*m + 7054 - v = 0. What are the prime factors of m?
19, 23
Let b = 2 - -5. Suppose 80 = 17*j - b*j. What are the prime factors of j?
2
Suppose 19848 = -52*k + 28*k. Let z = -544 - k. List the prime factors of z.
283
Let c(n) = -n + 13. Let h be c(11). Let r be -1 + (2 - 0) + h. Suppose -r*p - 218 = -5*p. What are the prime factors of p?
109
Suppose 4*k - 204507 + 717314 = 33*k. List the prime factors of k.
17683
Let z(f) = -90*f - 1342. List the prime factors of z(-35).
2, 113
Suppose -115*r + 75820 = -187108 + 40978. What are the prime factors of r?
2, 5, 193
Suppose -159201 = -4*f - 3*y, f + 4*y + 12237 = 52047. List the prime factors of f.
2, 3, 11, 67
Let p = 11145 + -2616. List the prime factors of p.
3, 2843
Let n(k) = -4*k - 19. Suppose -5*g + 4 = 4*o, 3*o + 3*g - 2 = 4. Let y be 18/12*(-68)/o. What are the prime factors of n(y)?
7
Suppose -2 - 10 = 4*k. Let d be (-3)/(k - -9) + (-9)/(-2). Suppose -d*u + 2*n = -0*u - 64, 3*u = -3*n + 30. List the prime factors of u.
2, 7
Let n be 2/(5/(-5) - 1). Let y be (-6*(7 - 3))/n. List the prime factors of (80/y)/((-2)/(-36)).
2, 3, 5
Let g(b) = -b**2 - 16*b + 21. Let r be g(-17). Suppose -5*a = r*a - 4905. List the prime factors of a.
5, 109
Suppose 53*y = 4*c + 49*y - 12, 0 = -3*c + 2*y + 6. Suppose -4*j = -3*p - 1852, -p + 4 + 0 = c. What are the prime factors of j?
2, 233
Let x = 153 - 153. Suppose x = 5*u + 2*k - 2485, -3*k = u + 2*k - 520. List the prime factors of u.
3, 5, 11
Let c(b) = -b**2 - 5*b - 3. Let n(k) = -k**3 - 6*k**2 + k + 2. Let i be n(-6). Let t be c(i). What are the prime factors of (91 + -2)/t + -4 + 6?
7, 13
Let g be (-2 - 55/(-20))/((-3)/(-8)). Suppose 5*q = -g*h + h - 158, q + 1 = 0. Let p = h - -289. List the prime factors of p.
2, 17
List the prime factors of (20/(-8) + -3)*(-3056468)/451.
2, 18637
Suppose 3*h - 15 = 0, 9*h - 17815 = -5*p + 5*h. List the prime factors of p.
3559
Suppose -105*w = -113*w + 16. Suppose 0 = w*a - 5*t - 44, -4*a + 140 = 3*t - 0*t. List the prime factors of a.
2
Suppose 2*x - 24 = -6*x. Suppose 0 = -15*d + 10*d, -x*l + 2334 = -4*d. List the prime factors of l.
2, 389
Let m(v) = -59*v - 29. Let g(a) = -39*a - 19. Let w(d) = -7*g(d) + 5*m(d). Let y be (-38 - -38) + 0 + -5. List the prime factors of w(y).
2, 7
Suppose 6*h - 5*a - 25 = 11*h, -5*h - 2*a - 34 = 0. Let z(v) = 7*v**2 + 42. List the prime factors of z(h).
2, 5, 7
Let l = 228 + -249. List the prime factors of 3556/8 + (-4 - l/6).
2, 3, 37
Let c(o) = o**2 - 1366*o + 21505. What are the prime factors of c(0)?
5, 11, 17, 23
Suppose 33 = -t + 25. Let q be (-5148)/48 + (-2)/t. Let w = 205 + q. What are the prime factors of w?
2, 7
Let s(y) = 8*y**2 + 47*y - 63. List the prime factors of s(101).
2, 3, 17, 47
Suppose -2*o = -4, -6*o + 7*o + 93 = 5*s. Let c = -15 + s. Suppose -137 = -c*j + 31. List the prime factors of j.
2, 3, 7
Let y be 1 + 0/6 - 0/2. Let x be y/(1/(-4)*(-24)/18). Suppose -11 = 3*f + 4, 0 = -2*r - x*f + 87. What are the prime factors of r?
3, 17
Let u(p) = 0*p - 7 - 4*p - 5*p + 2*p + 0*p + 245*p**2. What are the prime factors of u(-2)?
3, 7, 47
Suppose 8*d - 30 = 3*d. Let l(j) = -j**2. Let a(q) = q**3 - 14*q**2 + 9*q - 9. Let p(m) = -a(m) + 5*l(m). List the prime factors of p(d).
3, 7
Suppose t + 520 = -7*t. Let k = t + 467. What are the prime factors of k?
2, 3, 67
What are the prime factors of (10/(-25))/(46/(-4818960))?
2, 3, 97
Let h(z) = 74*z - 22. Let f(o) = o**2 + 147*o - 44. Let q(i) = 3*f(i) - 5*h(i). What are the prime factors of q(-26)?
2, 5
Let p = 16 + -8. Let f(d) = -7*d**2 + 2*d + 1. Let h(z) = z**2 + z - 1. Let k(a) = -f(a) - 5*h(a). What are the prime factors of k(p)?
2, 19
Suppose -588*n + 9418517 + 8735311 + 35364 = 0. What are the prime factors of n?
2, 15467
Let p(x) = -4*x**3 - 9*x**2 - 6*x + 45. List the prime factors of p(-6).
3, 23
Suppose -2*h = 2*q - 26144, 459*h - 456*h - 65370 = -5*q. What are the prime factors of q?
3, 1453
Suppose -16 = -7*l - 23. List the prime factors of (l - 2)*(15 - 204).
3, 7
Let y(s) = -45*s + 21. Let c(r) = 41*r + 35*r - 22 - 66*r + 35*r. Let z(f) = -5*c(f) - 6*y(f). List the prime factors of z(4).
2, 41
List the prime factors of (-132)/16*(-24092)/57.
11, 317
Let z(l) = -5*l**2 - l**2 - 23*l + l**3 - l**2 - 2*l**2 + 8. Let x be z(11). What are the prime factors of 1/(x*1/(-114))?
2, 19
Suppose -5*d = t - 9*d + 173, d - 752 = 4*t. Let c = 639 + t. What are the prime factors of c?
2, 3, 5
Let k be 2*2874 + (-3)/(15/(-20)). List the prime factors of (k/(-16))/(21/(-6) - -3).
719
Suppose 4 = 5*l + 4*u - 14, -2*u = l. What are the prime factors of 371 - (l/(-3) + 10/2)?
2, 23
Suppose -49*t + 51*t = -744. List the prime factors of (567/(-324))/(1/t).
3, 7, 31
Let o = 40 - 50. Let j be (o - -11)*3*1. Let s(x) = 11*x**2 - 5. What are the prime factors of s(j)?
2, 47
Suppose 3*r = -584 + 3296. What are the prime factors of r?
2, 113
Let l = -21 + 25. Suppose 7*c = 58 + 502. Let x = l + c. List the prime factors of x.
2, 3, 7
Let v(o) = -24*o**2 + 262*o + 22. Let k be v(11). Let y(t) be the third derivative of -t**4/6 + 97*t**3/6 + 2*t**2. List the prime factors of y(k).
97
Suppose -6*m = 40 - 214. Suppose 27*g + 12 = m*g. What are the prime factors of (-4)/g*(-5 + (-951)/6)?
109
Suppose 18*m = 72*m - 486756. List the prime factors of m.
2, 4507
Let w = 83 - 100. Let c be -5 + -3 + 3 - w. Suppose -7*s + c*s = 925. What are the prime factors of s?
5, 37
Let y(q) = -29*q - 3. Let b be 1/(3/4)*6/4. Suppose 0 = -b*s - 2*f - 6, -s - 4*s - 9 = 2*f. List the prime factors of y(s).
2, 13
Suppose 6*c = b + 4*c - 108, 0 = 3*b - 2*c - 304. Let a = -197 + b. Let h = a - -221. List the prime factors of h.
2, 61
Let f = -1370 + 1339. Suppose -5 = -w + 4. Let o = w - f. List the prime factors of o.
2, 5
Let q(o) = -21 + 1 + 9*o - 5 - 4. Let p be q(7). Suppose p - 69 = -v. List the prime factors of v.
5, 7
Let h(c) be the second derivative of -c**5/10 - c**4/3 - c**3/2 - c**2 + 19*c. Let u be ((-4)/(-10))/(8/50)*-2. List the prime factors of h(u).
163
Let l = -13838 + 33524. What are the prime factors of l?
2, 3, 17, 193
Let m(a) = -2*a**2 - 4*a - 1. Let g be m(0). List the prime factors of -2 - 4 - (g - 454).
449
List the prime factors of 2852641/76 + 75/(-20) + 5.
2, 3, 17, 23
Suppose 3*u = 4*q - 0*u - 27, -3 = -q - 3*u. Suppose -2*i = 8, q*m - m - 2228 = -3*i. What are the prime factors of m?
2, 7
What are the prime factors of -24 + (-145684)/(-66) + 1/(-3)?
37, 59
Let z(l) = -l**3 - 13*l**2. Let u be z(-13). Suppose 3*k + 4*y - 6 = 5*k, -12 = 4*k + y. What are the prime factors of 96 - (u + 0)*1/k?
2, 3
Suppose -6*t + 4626 = -3*t + 5*i, 2*t + 4*i = 3086. Suppose -g + 3838 = 5*s, -t = -2*s - 12*g + 11*g. What are the prime factors of s?
13, 59
Let p(l) = 19*l**2 - 11*l - 29. Let t be p(7). Suppose o + 542 = w - 277, 3*o + t = w. List the prime factors of w.
2, 3, 17
Let m = 5447 + 2438. List the prime factors of m.
5, 19, 83
Suppose 5*c - 3*a = 30, -4*c + 12 = -2*c + 4*a. What are the prime factors of (1/c*-2)/((-27)/2187)?
3
Suppose -12 = -2*x, -1324*j + 1322*j + 65144 = -4*x. List the prime factors of j.
2, 4073
Suppose 40692 - 30843 + 49514 = 29*t. What are the prime factors of t?
23, 89
Let w be 168/6*((-222)/(-21) + -2). Suppose 4*c = 4*q + 3*c - 224, w = 4*q - 5*c. List the prime factors of q.
5, 11
Let x = 452 - 71. Suppose -4*z + 4*q = -896, z - 24 = 5*q + 220. Let d = x - z